{"id":13,"date":"2019-10-09T11:16:31","date_gmt":"2019-10-09T09:16:31","guid":{"rendered":"https:\/\/2019.marseille.wordcamp.org\/?page_id=13"},"modified":"2021-05-28T11:49:10","modified_gmt":"2021-05-28T09:49:10","slug":"tickets","status":"publish","type":"page","link":"https:\/\/marseille.wordcamp.org\/2019\/tickets\/","title":{"rendered":"Billetterie"},"content":{"rendered":"\n<p><strong>La billetterie du WordCamp Marseille 2019 est maintenant ferm\u00e9e !<\/strong><\/p>\n\n\n\n<p>Mais vous pouvez demander sur les r\u00e9seaux sociaux si une personne qui ne peut plus venir veut vous donner\/vendre sa place. <a href=\"https:\/\/twitter.com\/WCMarseille\">Essayez sur Twitter #wcmarseille<\/a> ?<\/p>\n\n\n\n<figure class=\"wp-block-image\"><img loading=\"lazy\" decoding=\"async\" width=\"600\" height=\"600\" src=\"https:\/\/2019.marseille.wordcamp.org\/files\/2019\/10\/banniere-participant-600x600.jpg\" alt=\"\" class=\"wp-image-1113\" srcset=\"https:\/\/marseille.wordcamp.org\/2019\/files\/2019\/10\/banniere-participant-600x600.jpg 600w, https:\/\/marseille.wordcamp.org\/2019\/files\/2019\/10\/banniere-participant-600x600-150x150.jpg 150w, https:\/\/marseille.wordcamp.org\/2019\/files\/2019\/10\/banniere-participant-600x600-300x300.jpg 300w\" sizes=\"auto, (max-width: 600px) 100vw, 600px\" \/><\/figure>\n\n\n\n<p>R\u00e9servez maintenant votre billet pour la journ\u00e9e de conf\u00e9rences et d&rsquo;ateliers du VENDREDI 29 NOVEMBRE 2019. <\/p>\n\n\n<a href=\"https:\/\/marseille.wordcamp.org\/2019\/tickets\/\">Veuillez consulter cette page dans un navigateur pour acheter ou g\u00e9rer vos billets.<\/a>\n\n\n\n<p><strong>Etudiant(e) ou en recherche d&#8217;emploi ?<\/strong> Vous pouvez b\u00e9n\u00e9ficier de 50% de r\u00e9duction en nous envoyant un justificatif \u00e0 l&rsquo;adresse <a href=\"mailto:marseille@wordcamp.org\">marseille@wordcamp.org<\/a>. Vous pouvez alors utiliser le code promo WCM10STUDIO<\/p>\n\n\n\n<hr class=\"wp-block-separator\" \/>\n\n\n\n<p><strong>Envie de nous aider le jour J en tant que Volontaire ?<\/strong> <a href=\"https:\/\/2019.marseille.wordcamp.org\/contact\/\">Vous pouvez nous contacter<\/a>. Pour cette ann\u00e9e, nous avons la chance d&rsquo;avoir d\u00e9j\u00e0 un grand nombre de volontaires. (Nous ne lancerons pas d&rsquo;appel aux b\u00e9n\u00e9voles&#8230;)<\/p>\n\n\n\n<hr class=\"wp-block-separator\" \/>\n\n\n\n<h4 class=\"wp-block-heading\">Informations pratiques :<\/h4>\n\n\n\n<ul class=\"wp-block-list\"><li>D\u00e9couvrir le <a href=\"https:\/\/2019.marseille.wordcamp.org\/infos-pratiques\/\">lieu de l&rsquo;\u00e9v\u00e8nement<\/a><\/li><li>Lisez notre <a href=\"https:\/\/2019.marseille.wordcamp.org\/charte-des-wordcamps\/\">charte<\/a><\/li><\/ul>\n\n\n\n<figure class=\"wp-block-gallery columns-3 is-cropped wp-block-gallery-1 is-layout-flex wp-block-gallery-is-layout-flex\"><ul class=\"blocks-gallery-grid\"><li class=\"blocks-gallery-item\"><figure><a href=\"https:\/\/2019.marseille.wordcamp.org\/files\/2019\/10\/banniere-benevole-600x600.jpg\"><img loading=\"lazy\" decoding=\"async\" width=\"600\" height=\"600\" src=\"https:\/\/2019.marseille.wordcamp.org\/files\/2019\/10\/banniere-benevole-600x600.jpg\" alt=\"\" data-id=\"1109\" data-link=\"https:\/\/2019.marseille.wordcamp.org\/tickets\/banniere-benevole-600x600\/\" class=\"wp-image-1109\" srcset=\"https:\/\/marseille.wordcamp.org\/2019\/files\/2019\/10\/banniere-benevole-600x600.jpg 600w, https:\/\/marseille.wordcamp.org\/2019\/files\/2019\/10\/banniere-benevole-600x600-150x150.jpg 150w, https:\/\/marseille.wordcamp.org\/2019\/files\/2019\/10\/banniere-benevole-600x600-300x300.jpg 300w\" sizes=\"auto, (max-width: 600px) 100vw, 600px\" \/><\/a><\/figure><\/li><li class=\"blocks-gallery-item\"><figure><a href=\"https:\/\/2019.marseille.wordcamp.org\/files\/2019\/10\/banniere-orateur-600x600.jpg\"><img loading=\"lazy\" decoding=\"async\" width=\"600\" height=\"600\" src=\"https:\/\/2019.marseille.wordcamp.org\/files\/2019\/10\/banniere-orateur-600x600.jpg\" alt=\"\" data-id=\"1110\" data-link=\"https:\/\/2019.marseille.wordcamp.org\/tickets\/banniere-orateur-600x600\/\" class=\"wp-image-1110\" srcset=\"https:\/\/marseille.wordcamp.org\/2019\/files\/2019\/10\/banniere-orateur-600x600.jpg 600w, https:\/\/marseille.wordcamp.org\/2019\/files\/2019\/10\/banniere-orateur-600x600-150x150.jpg 150w, https:\/\/marseille.wordcamp.org\/2019\/files\/2019\/10\/banniere-orateur-600x600-300x300.jpg 300w\" sizes=\"auto, (max-width: 600px) 100vw, 600px\" \/><\/a><\/figure><\/li><li class=\"blocks-gallery-item\"><figure><a href=\"https:\/\/2019.marseille.wordcamp.org\/files\/2019\/10\/banniere-oratrice-600x600.jpg\"><img loading=\"lazy\" decoding=\"async\" width=\"600\" height=\"600\" src=\"https:\/\/2019.marseille.wordcamp.org\/files\/2019\/10\/banniere-oratrice-600x600.jpg\" alt=\"\" data-id=\"1111\" data-link=\"https:\/\/2019.marseille.wordcamp.org\/tickets\/banniere-oratrice-600x600\/\" class=\"wp-image-1111\" srcset=\"https:\/\/marseille.wordcamp.org\/2019\/files\/2019\/10\/banniere-oratrice-600x600.jpg 600w, https:\/\/marseille.wordcamp.org\/2019\/files\/2019\/10\/banniere-oratrice-600x600-150x150.jpg 150w, https:\/\/marseille.wordcamp.org\/2019\/files\/2019\/10\/banniere-oratrice-600x600-300x300.jpg 300w\" sizes=\"auto, (max-width: 600px) 100vw, 600px\" \/><\/a><\/figure><\/li><li class=\"blocks-gallery-item\"><figure><a href=\"https:\/\/2019.marseille.wordcamp.org\/files\/2019\/10\/banniere-organisateur-600x600.jpg\"><img loading=\"lazy\" decoding=\"async\" width=\"600\" height=\"600\" src=\"https:\/\/2019.marseille.wordcamp.org\/files\/2019\/10\/banniere-organisateur-600x600.jpg\" alt=\"\" data-id=\"1112\" data-link=\"https:\/\/2019.marseille.wordcamp.org\/tickets\/banniere-organisateur-600x600\/\" class=\"wp-image-1112\" srcset=\"https:\/\/marseille.wordcamp.org\/2019\/files\/2019\/10\/banniere-organisateur-600x600.jpg 600w, https:\/\/marseille.wordcamp.org\/2019\/files\/2019\/10\/banniere-organisateur-600x600-150x150.jpg 150w, https:\/\/marseille.wordcamp.org\/2019\/files\/2019\/10\/banniere-organisateur-600x600-300x300.jpg 300w\" sizes=\"auto, (max-width: 600px) 100vw, 600px\" \/><\/a><\/figure><\/li><li class=\"blocks-gallery-item\"><figure><a href=\"https:\/\/2019.marseille.wordcamp.org\/files\/2019\/10\/banniere-participant-600x600.jpg\"><img loading=\"lazy\" decoding=\"async\" width=\"600\" height=\"600\" src=\"https:\/\/2019.marseille.wordcamp.org\/files\/2019\/10\/banniere-participant-600x600.jpg\" alt=\"\" data-id=\"1113\" data-link=\"https:\/\/2019.marseille.wordcamp.org\/tickets\/banniere-participant-600x600\/\" class=\"wp-image-1113\" srcset=\"https:\/\/marseille.wordcamp.org\/2019\/files\/2019\/10\/banniere-participant-600x600.jpg 600w, https:\/\/marseille.wordcamp.org\/2019\/files\/2019\/10\/banniere-participant-600x600-150x150.jpg 150w, https:\/\/marseille.wordcamp.org\/2019\/files\/2019\/10\/banniere-participant-600x600-300x300.jpg 300w\" sizes=\"auto, (max-width: 600px) 100vw, 600px\" \/><\/a><\/figure><\/li><li class=\"blocks-gallery-item\"><figure><a href=\"https:\/\/2019.marseille.wordcamp.org\/files\/2019\/10\/banniere-sponsor-600x600.jpg\"><img loading=\"lazy\" decoding=\"async\" width=\"600\" height=\"600\" src=\"https:\/\/2019.marseille.wordcamp.org\/files\/2019\/10\/banniere-sponsor-600x600.jpg\" alt=\"\" data-id=\"1114\" data-link=\"https:\/\/2019.marseille.wordcamp.org\/tickets\/banniere-sponsor-600x600\/\" class=\"wp-image-1114\" srcset=\"https:\/\/marseille.wordcamp.org\/2019\/files\/2019\/10\/banniere-sponsor-600x600.jpg 600w, https:\/\/marseille.wordcamp.org\/2019\/files\/2019\/10\/banniere-sponsor-600x600-150x150.jpg 150w, https:\/\/marseille.wordcamp.org\/2019\/files\/2019\/10\/banniere-sponsor-600x600-300x300.jpg 300w\" sizes=\"auto, (max-width: 600px) 100vw, 600px\" \/><\/a><\/figure><\/li><\/ul><\/figure>\n\n\n\n<div class=\"wp-block-cover alignfull has-background-dim\" style=\"background-image:url(https:\/\/2019.marseille.wordcamp.org\/files\/2019\/07\/wordcamp-marseille-2017.jpg)\"><div class=\"wp-block-cover__inner-container is-layout-flow wp-block-cover-is-layout-flow\">\n<p><\/p>\n<\/div><\/div>\n\n\n\n<h4 class=\"wp-block-heading\">Informations compl\u00e9mentaires<\/h4>\n\n\n\n<ul class=\"wp-block-list\"><li><strong>Aucun billet ne vous sera envoy\u00e9<\/strong>, nous enregistrons votre inscription informatiquement.<\/li><li>Veuillez noter que le paiement s&rsquo;effectue via PayPal ou via Stripe et qu\u2019aucun remboursement n\u2019est possible.<\/li><li>Si vous avez achet\u00e9 un ticket et que vous avez un emp\u00eachement, n&rsquo;h\u00e9sitez pas \u00e0 en faire profiter un ami ou une personne de la communaut\u00e9, ce serait dommage !<\/li><li>Toute personne d\u2019\u00e2ge mineur doit \u00eatre accompagn\u00e9e d\u2019un parent.<\/li><li>Le billet comprend la journ\u00e9e de l\u2019\u00e9v\u00e9nement, les pauses caf\u00e9, un snack-d\u00e9jeuner et une invitation \u00e0 l&rsquo;after.<\/li><li>Afin de promouvoir la communaut\u00e9 WordPress, des photographes et des vid\u00e9astes b\u00e9n\u00e9voles et\/ou professionnels seront pr\u00e9sents lors de l&rsquo;\u00e9v\u00e9nement WordCamp. <strong>En assistant \u00e0 l&rsquo;\u00e9v\u00e9nement, vous consentez \u00e0 ce que votre image soit utilis\u00e9e sur les photos ou dans les vid\u00e9os qui peuvent vous montrer participant au WordCamp.<\/strong><\/li><\/ul>\n\n\n\n<h4 class=\"wp-block-heading\">Encore merci !<\/h4>\n\n\n\n<p>UN GRAND MERCI \u00e0 nos incroyables <a href=\"https:\/\/2019.marseille.wordcamp.org\/sponsors\/\">sponsors<\/a> qui nous soutiennent pour mener \u00e0 bien ce deuxi\u00e8me WordCamp Marseille. Leur g\u00e9n\u00e9rosit\u00e9 vous permet d&rsquo;obtenir un ticket \u00e0 un tarif abordable, profitez-en !<\/p>\n","protected":false},"excerpt":{"rendered":"<p>La billetterie du WordCamp Marseille 2019 est maintenant ferm\u00e9e ! Mais vous pouvez demander sur les r\u00e9seaux sociaux si une personne qui ne peut plus venir veut vous donner\/vendre sa place. Essayez sur Twitter #wcmarseille ? R\u00e9servez maintenant votre billet pour la journ\u00e9e de conf\u00e9rences et d&rsquo;ateliers du VENDREDI 29 NOVEMBRE 2019. Etudiant(e) ou en &hellip; <\/p>\n<p class=\"link-more\"><a href=\"https:\/\/marseille.wordcamp.org\/2019\/tickets\/\" class=\"more-link\">Continuer la lecture <span class=\"screen-reader-text\"> \u00ab\u00a0Billetterie\u00a0\u00bb<\/span><\/a><\/p>\n","protected":false},"author":11478145,"featured_media":0,"parent":0,"menu_order":0,"comment_status":"closed","ping_status":"closed","template":"","meta":{"jetpack_post_was_ever_published":false,"_ef_editorial_meta_date_first-draft-date":"","_ef_editorial_meta_paragraph_assignment":"","_ef_editorial_meta_checkbox_needs-photo":"","_ef_editorial_meta_number_word-count":"","footnotes":""},"class_list":["post-13","page","type-page","status-publish","hentry","entry"],"jetpack_sharing_enabled":true,"_links":{"self":[{"href":"https:\/\/marseille.wordcamp.org\/2019\/wp-json\/wp\/v2\/pages\/13","targetHints":{"allow":["GET"]}}],"collection":[{"href":"https:\/\/marseille.wordcamp.org\/2019\/wp-json\/wp\/v2\/pages"}],"about":[{"href":"https:\/\/marseille.wordcamp.org\/2019\/wp-json\/wp\/v2\/types\/page"}],"author":[{"embeddable":true,"href":"https:\/\/marseille.wordcamp.org\/2019\/wp-json\/wp\/v2\/users\/11478145"}],"replies":[{"embeddable":true,"href":"https:\/\/marseille.wordcamp.org\/2019\/wp-json\/wp\/v2\/comments?post=13"}],"version-history":[{"count":17,"href":"https:\/\/marseille.wordcamp.org\/2019\/wp-json\/wp\/v2\/pages\/13\/revisions"}],"predecessor-version":[{"id":2142,"href":"https:\/\/marseille.wordcamp.org\/2019\/wp-json\/wp\/v2\/pages\/13\/revisions\/2142"}],"wp:attachment":[{"href":"https:\/\/marseille.wordcamp.org\/2019\/wp-json\/wp\/v2\/media?parent=13"}],"curies":[{"name":"wp","href":"https:\/\/api.w.org\/{rel}","templated":true}]}}