{"id":12,"date":"2017-03-24T10:34:09","date_gmt":"2017-03-24T10:34:09","guid":{"rendered":"https:\/\/2017.marseille.wordcamp.org\/organizers\/"},"modified":"2017-08-09T08:55:28","modified_gmt":"2017-08-09T08:55:28","slug":"organisateurs-trices","status":"publish","type":"page","link":"https:\/\/marseille.wordcamp.org\/2017\/organisateurs-trices\/","title":{"rendered":"Organisateurs\/trices"},"content":{"rendered":"\t<div class=\"wcorg-organizers\">\n\n\t\t\n\t\t\t<div class=\"wcorg-organizer\">\n\t\t\t\t<h2>Maylis Lambertz<\/h2>\n\t\t\t\t<div class=\"wcorg-organizer-description\">\n\t\t\t\t\t\t\t\t\t\t<img alt='' src='https:\/\/secure.gravatar.com\/avatar\/1f24d4acafe5dff0a748a3d1d9823c20054f9c08280aa3f24f578921f488dd3d?s=200&#038;d=mm&#038;r=g' srcset='https:\/\/secure.gravatar.com\/avatar\/1f24d4acafe5dff0a748a3d1d9823c20054f9c08280aa3f24f578921f488dd3d?s=400&#038;d=mm&#038;r=g 2x' class='avatar avatar-200 photo' height='200' width='200' \/>\t\t\t\t\t<p>\u2026 From MARSEILLE<br \/>\nCo-organisatrice du \u00ab Marseille WordPress Meetup \u00bb<br \/>\nAuto-entrepreneuse marseillaise \u2013 cr\u00e9atrice de sites web, passionn\u00e9e par WordPress et amoureuse de sa communaut\u00e9\u2026<br \/>\nCurieuse et partageuse j\u2019aime animer des rencontres et des \u00e9v\u00e8nements !<br \/>\nJoyeuse et optimiste, je crains d\u00e9gun !<br \/>\n<a href=\"https:\/\/twitter.com\/Mdemrs\">Twitter<\/a> | <a href=\"https:\/\/www.linkedin.com\/in\/maylis-lambertz\">Linkedin<\/a><\/p>\n\t\t\t\t<\/div>\n\t\t\t<\/div>\n\n\t\t\n\t\t\t<div class=\"wcorg-organizer\">\n\t\t\t\t<h2>Sylvain Didier &amp; Eddy Boels<\/h2>\n\t\t\t\t<div class=\"wcorg-organizer-description\">\n\t\t\t\t\t\t\t\t\t\t<img alt='' src='https:\/\/secure.gravatar.com\/avatar\/9da44aae7142e64372888ed602df51188f8206886f144807a0749f8f8d91278c?s=200&#038;d=mm&#038;r=g' srcset='https:\/\/secure.gravatar.com\/avatar\/9da44aae7142e64372888ed602df51188f8206886f144807a0749f8f8d91278c?s=400&#038;d=mm&#038;r=g 2x' class='avatar avatar-200 photo' height='200' width='200' \/>\t\t\t\t\t<p>\u2026 From AIX-EN-PROVENCE<br \/>\ne-labo est une agence web fond\u00e9e en 2009 par un groupe de passionn\u00e9s sp\u00e9cialis\u00e9s WordPress qui participe activement \u00e0 la promotion de ce fabuleux outil et \u00e0 sa communaut\u00e9.<br \/>\nCo-organisateur \/ R\u00e9f\u00e9rent sponsors &amp; goodies pour le WordCamp Marseille 2017 &amp; Organisateur du <a href=\"http:\/\/www.meetup.com\/fr-FR\/Meetup-WordPress-Aix-en-Provence\/\">meetup WordPress Aix-en-Provence<\/a>.<br \/>\nVous connaissez principalement\u00a0<a href=\"https:\/\/www.linkedin.com\/in\/eddy-boels-62762329\" target=\"_blank\" rel=\"noopener\">Eddy<\/a>\u00a0et\u00a0<a href=\"https:\/\/www.linkedin.com\/in\/sylvain-didier\/\" target=\"_blank\" rel=\"noopener\">Sylvain\u00a0<\/a>mais e-labo c\u2019est une \u00e9quipe de 5 personnes impliqu\u00e9es dans le 1er WordCamp du sud-est !<br \/>\n<a href=\"https:\/\/www.e-labo.biz\/\">L\u2019agence e-labo<\/a><\/p>\n\t\t\t\t<\/div>\n\t\t\t<\/div>\n\n\t\t\n\t\t\t<div class=\"wcorg-organizer\">\n\t\t\t\t<h2>Val\u00e9rie Galassi<\/h2>\n\t\t\t\t<div class=\"wcorg-organizer-description\">\n\t\t\t\t\t\t\t\t\t\t<img alt='' src='https:\/\/secure.gravatar.com\/avatar\/604d3fd8a6af4266789b1a63b9e4539a7bcdd999149f81beb9dab20b336e7e0a?s=200&#038;d=mm&#038;r=g' srcset='https:\/\/secure.gravatar.com\/avatar\/604d3fd8a6af4266789b1a63b9e4539a7bcdd999149f81beb9dab20b336e7e0a?s=400&#038;d=mm&#038;r=g 2x' class='avatar avatar-200 photo' height='200' width='200' \/>\t\t\t\t\t<p>\u2026 From NICE<br \/>\nR\u00e9f\u00e9rente Communication, goodies et r\u00e9seaux sociaux pour le WordCamp Marseille 2017. Co-organisatrice du Meetup WordPress in Nice.<br \/>\nInt\u00e9gratrice web sp\u00e9cialis\u00e9e dans l\u2019int\u00e9gration de sites sous WordPress : webdesign, ergonomie, accessibilit\u00e9 web, r\u00e9daction web, cr\u00e9ation de logos.<br \/>\nIntervenante chez M\u00e9diaschool Nice.<br \/>\nEn tant que \u201cbookworm\u201d qui se respecte (ou, en fran\u00e7ais dans le texte, \u201cd\u00e9voreuse de livres\u201d) je tiens un blog litt\u00e9raire depuis plusieurs ann\u00e9es.<br \/>\nJ\u2019aime aussi pratiquer le lettering et suis une grande adepte du Bullet Journal !<br \/>\nTwitter : @ChapitreOnze |\u00a0<a href=\"http:\/\/www.chapitre-onze.fr\/\" target=\"_blank\" rel=\"noopener\">Mon Blog<\/a><\/p>\n\t\t\t\t<\/div>\n\t\t\t<\/div>\n\n\t\t\n\t\t\t<div class=\"wcorg-organizer\">\n\t\t\t\t<h2>Long-Hai Le Huynh<\/h2>\n\t\t\t\t<div class=\"wcorg-organizer-description\">\n\t\t\t\t\t\t\t\t\t\t<img alt='' src='https:\/\/secure.gravatar.com\/avatar\/?s=200&#038;d=mm&#038;r=g' srcset='https:\/\/secure.gravatar.com\/avatar\/?s=400&#038;d=mm&#038;r=g 2x' class='avatar avatar-200 photo avatar-default' height='200' width='200' \/>\t\t\t\t\t<p>\u2026 From MARSEILLE<br \/>\nR\u00e9f\u00e9rent Speakers pour le WordCamp Marseille 2017, co-organisateur du meetup \u00ab\u00a0Marseille WordPress Meetup\u00a0\u00bb et co-organisateur du meetup \u00ab\u00a0WordPress In Nice\u00a0\u00bb<br \/>\nFreelance &amp; Formateur Web<br \/>\nPassionn\u00e9 par la communaut\u00e9 de l\u2019Open Source.<br \/>\nGrand voyageur sur mon temps libre\u2026<br \/>\n<a href=\"https:\/\/twitter.com\/lh2web\" target=\"_blank\" rel=\"noopener\">Twitter<\/a>\u00a0|\u00a0<a href=\"https:\/\/www.linkedin.com\/in\/applh\" target=\"_blank\" rel=\"noopener\">Linkedin<\/a><\/p>\n\t\t\t\t<\/div>\n\t\t\t<\/div>\n\n\t\t\n\t\t\t<div class=\"wcorg-organizer\">\n\t\t\t\t<h2>Herv\u00e9 Saint-Macary<\/h2>\n\t\t\t\t<div class=\"wcorg-organizer-description\">\n\t\t\t\t\t\t\t\t\t\t<img alt='' src='https:\/\/secure.gravatar.com\/avatar\/f2f1d148f3507ce0f98fd0ceca27dfc22deabaf5556a0a175d48d5e98add7f8a?s=200&#038;d=mm&#038;r=g' srcset='https:\/\/secure.gravatar.com\/avatar\/f2f1d148f3507ce0f98fd0ceca27dfc22deabaf5556a0a175d48d5e98add7f8a?s=400&#038;d=mm&#038;r=g 2x' class='avatar avatar-200 photo' height='200' width='200' \/>\t\t\t\t\t<p>\u2026From MARSEILLE<br \/>\nR\u00e9f\u00e9rent cigale, co-organisateur du meetup <em>\u00ab&nbsp;Marseille WordPress&nbsp;\u00bb.<\/em><br \/>\nDesigner web freelance, \u00e0 l\u2019aise dans la communication visuelle, produit des sites sous WordPress.<br \/>\nCes derniers temps, d\u00e9veloppe le cot\u00e9 fourmi en cr\u00e9ant une petite webapp javascript sous React.<br \/>\n<a href=\"http:\/\/www.vitreene.com\/\" target=\"_blank\" rel=\"noopener\">Site web<\/a>\u00a0|\u00a0<a href=\"http:\/\/www.vitreene.com\/crop-manager\" target=\"_blank\" rel=\"noopener\">crop-manager<\/a><\/p>\n\t\t\t\t<\/div>\n\t\t\t<\/div>\n\n\t\t\n\t\t\t<div class=\"wcorg-organizer\">\n\t\t\t\t<h2>Lycia Diaz<\/h2>\n\t\t\t\t<div class=\"wcorg-organizer-description\">\n\t\t\t\t\t\t\t\t\t\t<img alt='' src='https:\/\/secure.gravatar.com\/avatar\/f5a8613951913c500fda96e62502c17fe941c6363997bb47ed1bd37c8a444bee?s=200&#038;d=mm&#038;r=g' srcset='https:\/\/secure.gravatar.com\/avatar\/f5a8613951913c500fda96e62502c17fe941c6363997bb47ed1bd37c8a444bee?s=400&#038;d=mm&#038;r=g 2x' class='avatar avatar-200 photo' height='200' width='200' \/>\t\t\t\t\t<p>\u2026 From MARSEILLE<br \/>\nR\u00e9f\u00e9rente R\u00e9daction pour le WordCamp Marseille 2017 et co-organisatrice du meetup \u00ab\u00a0Marseille WordPress Meetup\u00a0\u00bb<br \/>\nCr\u00e9atrice de sites WordPress et de contenus (Webdesign, Logo &amp; R\u00e9daction Web) en Freelance.<br \/>\nPassionn\u00e9e par les nouvelles techno., j\u2019adore d\u00e9couvrir et partager mes trouvailles !<br \/>\nMaman de deux petits gar\u00e7ons adorables\u2026<br \/>\n<a href=\"https:\/\/lyciarobase.com\/\" target=\"_blank\" rel=\"noopener\">Portfolio<\/a>\u00a0|\u00a0<a href=\"https:\/\/la-webeuse.com\/\" target=\"_blank\" rel=\"noopener\">Blog<\/a><\/p>\n\t\t\t\t<\/div>\n\t\t\t<\/div>\n\n\t\t\n\t\t\t<div class=\"wcorg-organizer\">\n\t\t\t\t<h2>Cl\u00e9ment Polito<\/h2>\n\t\t\t\t<div class=\"wcorg-organizer-description\">\n\t\t\t\t\t\t\t\t\t\t<img alt='' src='https:\/\/secure.gravatar.com\/avatar\/d9c3c74e8109a8ffacdc258cac9e8ceb8abc0ad94c1fbc3caf72f5a2b34f4b8c?s=200&#038;d=mm&#038;r=g' srcset='https:\/\/secure.gravatar.com\/avatar\/d9c3c74e8109a8ffacdc258cac9e8ceb8abc0ad94c1fbc3caf72f5a2b34f4b8c?s=400&#038;d=mm&#038;r=g 2x' class='avatar avatar-200 photo' height='200' width='200' \/>\t\t\t\t\t<p>\u2026 From NICE<br \/>\nR\u00e9f\u00e9rent B\u00e9n\u00e9voles pour le WordCamp Marseille 2017, et co-organisateur du Meetup \u00ab WordPress in Nice \u00bb.<br \/>\nAncien chef de projet web technique parisien, je suis maintenant freelance WordPress ni\u00e7ois, et responsable en chef des apostrophes typographiques et des espaces ins\u00e9cables. Apr\u00e8s avoir effleur\u00e9 le monde du logiciel libre avec Mandrake, je suis vraiment dans la communaut\u00e9 du partage depuis 2006. Un poste de b\u00e9n\u00e9vole sera ouvert \u00e0 ce\u00b7lle\u00b7lui qui retrouvera la distribution en question. Pour rendre aujourd\u2019hui \u00e0 WordPress ce qu\u2019il m\u2019apporte, je m\u2019implique dans la traduction du c\u0153ur et des extensions.<br \/>\n<a href=\"https:\/\/www.clementpolito.com\/\" target=\"_blank\" rel=\"noopener\">Site web<\/a>\u00a0|\u00a0<a href=\"https:\/\/twitter.com\/ClementPolito\" target=\"_blank\" rel=\"noopener\">Twitter<\/a><\/p>\n\t\t\t\t<\/div>\n\t\t\t<\/div>\n\n\t\t\n\t<\/div><!-- .wcorg-organizers -->\n\t\n","protected":false},"excerpt":{"rendered":"","protected":false},"author":9189275,"featured_media":0,"parent":0,"menu_order":0,"comment_status":"closed","ping_status":"closed","template":"","meta":{"jetpack_post_was_ever_published":false,"footnotes":""},"class_list":["post-12","page","type-page","status-publish","hentry"],"jetpack_sharing_enabled":true,"jetpack_shortlink":"https:\/\/wp.me\/P8xTU2-c","_links":{"self":[{"href":"https:\/\/marseille.wordcamp.org\/2017\/wp-json\/wp\/v2\/pages\/12","targetHints":{"allow":["GET"]}}],"collection":[{"href":"https:\/\/marseille.wordcamp.org\/2017\/wp-json\/wp\/v2\/pages"}],"about":[{"href":"https:\/\/marseille.wordcamp.org\/2017\/wp-json\/wp\/v2\/types\/page"}],"author":[{"embeddable":true,"href":"https:\/\/marseille.wordcamp.org\/2017\/wp-json\/wp\/v2\/users\/9189275"}],"replies":[{"embeddable":true,"href":"https:\/\/marseille.wordcamp.org\/2017\/wp-json\/wp\/v2\/comments?post=12"}],"version-history":[{"count":46,"href":"https:\/\/marseille.wordcamp.org\/2017\/wp-json\/wp\/v2\/pages\/12\/revisions"}],"predecessor-version":[{"id":1418,"href":"https:\/\/marseille.wordcamp.org\/2017\/wp-json\/wp\/v2\/pages\/12\/revisions\/1418"}],"wp:attachment":[{"href":"https:\/\/marseille.wordcamp.org\/2017\/wp-json\/wp\/v2\/media?parent=12"}],"curies":[{"name":"wp","href":"https:\/\/api.w.org\/{rel}","templated":true}]}}